0 + (-194 - -189)
-64
What is the value of 1 - (4 - (0 - (-7 - (-5 - 16))))?
-17
Calculate (0 - -38) + (2 - -13) + 24 + 37 + -73.
41
What is 19 - (7 + ((-12 - 3) + 6 - (10 - 1)))?
30
(18 - 8) + (22 - (60 + 65))
-93
Calculate -12 + 120 + -119 + -69.
-80
Evaluate (-13 - (-26 + 29)) + 50.
34
Evaluate -6 - (57 + -158 - -20).
75
What is -28 + -54 + 28 - -25?
-29
What is (-74 - 17) + 22 - -45?
-24
Calculate -3 + 13 + 2 - (11 - (-27 + -5)).
-31
(-6 + 13 - -123) + (-14 - -9 - -13) + -10
128
What is the value of (-1 - 5) + (-1 - -5) + -18 + 87?
67
Evaluate -49 - (-22 - -20 - 85).
38
Calculate -27 + (8 - -57) - 9.
29
Calculate (25 - 60 - -97) + -115.
-53
What is 2980 + -3071 + (-1 - -166)?
74
Calculate -48 + 25 + -26 + -42 + 3.
-88
What is (63 - -2) + (27 - 58) + 31 - 4?
61
74 + (0 - -1) + 2 + 8 + -7 + -11
67
Evaluate (5 - 2) + -26 - (-6 - 18 - -8 - -19).
-26
What is (-347 - -401) + -8 + (-15 - -11)?
42
(16 - 16 - (-1 + -12)) + (135 - 220)
-72
Calculate -14 + 12 + (2 + 2 - -1 - (47 - 48)).
4
Calculate 28 + -8 - (-50 + 42).
28
What is the value of (-47 - -47 - 0) + 41?
41
What is the value of (-38 - -153) + -63 + -63?
-11
What is 30 + -12 + 38 + -23?
33
Evaluate -49 + 0 - (1 + 16 - (166 + -140)).
-40
Calculate (-2 - 0) + (2 - 62 - (-27 + 42 + -15)).
-62
Evaluate 22 + (-21 + 1 - (-55 + 75)).
-18
What is the value of -670 + 643 + (-3 - -5 - 17)?
-42
Calculate 26 + -39 - -63 - (-89 + 0).
139
-133 + -2 + -884 + 975
-44
Calculate 36 + (-2 - -3) + (-2445 - -2344).
-64
Calculate 8 + (-14 - (-10 + 13)) + (57 - 7).
41
Calculate 445 + -470 + (-8 - 2) - 27.
-62
Evaluate -50 + 84 + -46 + 1 + 3 + -3 + 59.
48
-11 - (-1 - -12 - (72 - 13 - 42))
-5
Calculate 2427 + -2490 + (23 - 0) + -1.
-41
Calculate 20 - 15 - (49 + (-3 + 12 - 10)).
-43
What is 112 + (-40 + 20 - -7) + -4 + (-2 - 3)?
90
-18 - 1 - (-19 - (-43 + 66 + -45))
-22
What is the value of 124 - (-20 - 1 - (12 + -38))?
119
Evaluate 128 + -32 + 6 + -99.
3
What is (-13 - (10 - 93)) + -51 + 12?
31
Calculate -271 + 255 - (-1 + -30).
15
-31 + -165 + 149 - (-11 + -1 + (1 - -1))
-37
18 + (-15 - ((-24 - -5) + -47))
69
What is 1 - (-1 + 12) - (41 - (56 + -9))?
-4
What is 2 - (17 - 23) - ((-3 - 3) + (13 - -53))?
-52
What is the value of 16 + (1 - (21 - 10)) + 8?
14
Evaluate 20 - (36 + -15 + 3 + 3).
-7
Calculate (-1 - 9) + (-13 - 37) + (5 - 5) + -2.
-62
What is the value of -6 - (5 + 2 - 13) - (-13 + 3)?
10
What is -3 - ((4 - (-5 + 16)) + 1 + 2) - -55?
56
Calculate -43 - -25 - (-14 - (1 + -6)).
-9
What is the value of 5 + (9 + -65 - (4 + 1 + -6 - -2))?
-52
-21 - (40 - (77 - 49))
-33
(3 - (-1 + 0)) + (33 - 0) + -99
-62
11 + -12 + 3 + 7 + -6
3
What is the value of -3 + (7 + -13 - -12) + -5 + -1?
-3
Evaluate -42 + (-7 + (-11 - -32) - (-2 + 3)).
-29
15 - (61 + -46 - 8)
8
What is the value of (14 - 1) + -8 + (-19 + 99 - 33)?
52
What is the value of (-6 - (61 - -8) - -29) + -12?
-58
What is -110 + (83 - -36) - 17?
-8
What is (3 - -3) + (-24 - -44) + -10 + (5 - 0)?
21
Calculate 62 + (37 + -85 - -42).
56
Evaluate -46 + 12 + 31 + -37 + -31.
-71
What is the value of ((3 - -16) + -1 - 5) + (-119 - -92) + 109?
95
Calculate 41 - 16 - ((30 - 49) + -12).
56
Evaluate -16 + 2 - ((105 - -24) + -112 + -2 + -88).
59
Evaluate -45 - (-61 + 65 + -12 + -3).
-34
(7 - 18) + 2 + -21 - (7 - 1)
-36
Evaluate 3 - (8 + -14) - (15 - 9 - 19).
22
Calculate 0 - 48 - (-81 + -4).
37
What is (2 - 4 - 2) + 40 + (10 - (-7 + 15))?
38
What is the value of -7 - (-94 + 51 - (6 + 4))?
46
What is the value of 7 - 10 - (-6 + -1 + 1) - (-14 + 99)?
-82
Evaluate -39 + (128 - ((9 - 42) + 54)).
68
Evaluate -35 + (98 + -15 - -11).
59
Calculate 8 - -32 - (-22 - -40).
22
Evaluate -34 - (-26 + 11 + 12).
-31
Evaluate (11 + -16 - (7 + -1 - 21)) + -29.
-19
Calculate 15 + (-22 - 7 - -20).
6
Evaluate (262 - 258) + (0 + 0 - (0 + -3)) - -5.
12
Evaluate -26 + 3 + (177 - 170) + -10.
-26
Calculate 18 + (9 - -15 - (18 - (14 + -3))).
35
Calculate -82 - (4 + 20 - 60).
-46
Evaluate 41 - (18 + 20 + 18).
-15
What is the value of (-2 + 3 + -2 - -14) + -844 + 806?
-25
Evaluate (63 + -72 - 11) + 8 + -1 - -69.
56
Evaluate 15 + (-4 + 12 - ((-7 - 12) + 27)).
15
What is -148 + ((0 - 6) + -2 - (-1190 + 1159))?
-125
Calculate (1 - (-2 + 10 + -14 - -47)) + 9 + 3.
-28
What is -48 - (5 + (-3 - 5)) - (-389 + 371)?
-27
What is the value of (-1 - (2 + -47)) + 6704 + -6700?
48
48 + ((-8 - -2) + (2 - -5) - -2)
51
What is (-15 - ((-8 - -6 - -13) + -30)) + -17 + 1?
-12
Evaluate 52 - (-53 + 111 + -3).
-3
Calculate (34 - 26) + (1 - 103) + 21 + (2 - 19).
-90
What is (1 - -5) + (-58 - (5 + (8 - 24) + 25))?
-66
66 + (-41 + 9 - 0) + 0
34
-14 + 11 + -12 + 1 + 6 - 11
-19
What is the value of -18 - (10 - ((12 + -5 + 2 - 9) + 3))?
-25
-15 + 12 + (-5 - 5) + 0 + (-15 - -57)
29
Evaluate -9 + 17 - 14 - -30 - (-14 + 2).
36
14 - ((74 - 78) + 0)
18
Calculate (-10 + 2 + -7 - -13) + -3 + 9 + -3.
1
What is the value of (66 - -44) + 81 + -183?
8
Evaluate 10 + (125 - (-1 - -15 - 1 - (-59 - -57))).
120
-117 + (90 - 200 - -155)
-72
Calculate (-2 + -17 - (-3 - (-8 - -12)) - 3) + 13.
-2
Evaluate -4 + -3 + -18 - (26 - (20 + -4)).
-35
What is the value of -336 + 397 - (-2 - -46)?
17
What is -50 + -6 - 3 - (21 - (-28 - -47))?
-61
What is the value of -124 + (-106 + 67 - -134)?
-29
What is the value of (10 - 5) + -23 - (111 + -36 + -25)?
-68
Calculate -11 + 21 - (2 + 0 - (119 + -133)) - -31.
25
What is the value of (40 - -1) + (-26 - (23 - 40)) + (6 - -2)?
40
Evaluate 81 + (-185 - 14) + 84.
-34
What is 38 - (3 + 21 + 11 + -7 + -12)?
22
What is -77 + (-37 - (-14 - -1)) + 27?
-74
Calculate (-8 - -13 - 4) + (3 - -6) + -2 + -2.
6
Calculate 43 + 43 + 26 + -75.
37
What is -1 + -5 - (71 + -64 - (19 - (7 + -1)))?
0
Calculate (-2 - (-7 + 24 + -24)) + (-60 - 3).
-58
What is the value of 48 + -3 - (1 + -12 - (-55 + 35) - 5)?
41
(2 - -2) + (-3 - (-19 - (17 + -21))) + -102
-86
21 - (48 - -18 - (-4 + -1))
-50
What is the value of (-8 - -4 - 85 - (-88 + 58)) + 0 + 0?
-59
What is the value of 10 + -14 - (10 + (-4 - (7 - 11)))?
-14
Calculate -6 + (8 - (3 + -103)) + (-36 - -39).
105
What is the value of 5 - (-29 - (-31 - -17)) - (-16 + 6)?
30
-88 - (12 + (17 - 21) + -21)
-75
Calculate 36 + 6 + (29 + -37 - 11).
23
Evaluate 4 + -1 + 0 + 31 + 3 + -6.
31
Calculate -8 - (-22 - (2 + 35 + -106)).
-55
Evaluate (12 + (-15 - -25) + -31 - 25) + -16.
-50
Calculate -5327 - -5409 - (-11 - 1 - 1).
95
Evaluate -1 - -1 - 5 - ((-58 - (-4 + -35)) + -22).
36
Evaluate 17 - (54 - (11 + (-23 + 21 - 18))).
-46
-25 + (18 - (-31 + 8) - 10)
6
What is the value of (27 - 6) + -17 + 36 + -12 + -20?
8
What is -3 - 0 - (41 - -2 - 72)?
26
Evaluate -18 + 33 + -1 + -10 + 11 - (-1 + 2).
14
What is 16 + (-56 - (29 + -18 + 11 - 38))?
-24
-171 - (234 + -370) - (1 - 10)
-26
What is the value of -159 - (-66 - 1) - -85?
-7
-2 - (1 + 12 + 1) - (18795 + -18794)
-17
Calculate -12 + (-128 - -143 - 86).
-83
1154 + -1045 + 5 + -168
-54
Evaluate (-3 - (41 + -61)) + -3 + -69.
-55
(-1 - 7) + 811 + -756 + -14 + -1
32
(-42 - -44 - (2 - 9) - (0 + 1)) + -11
-3
What is the value of 8 - (0 + (-9 - -26) + 1) - (-4 + -4)?
-2
What is -3 + 4 + -4 - (-2250 - -2124)?
123
What is the value of (0 - 38) + (93 - -93) + -118?
30
Evaluate (54 - -1) + -4 - ((100 - 107) + (12 - -2)).
44
-10 + -21 + (-19 - -19 - -10)
-21
Evaluate -96 + 36 + 69 + 68.
77
What is (47 + -5 - (-338 + 351)) + -16?
13
What is (-16 - (0 + -21)) + (-11 - 56) - -3?
-59
What is the value of 4 + 0 - -4 - 4 - 2 - (1 + -6)?
7
Evaluate 639 + -659 - (-2 + (-1 - -1) + 2 + -14).
-6
Evaluate (-7 + 29 - 12 - 7) + 0 + 1 - 20.
-16
(79 - -39) + -95 - -72
95
What is the value of (-1 - -2) + (-59 + 0 - (-283 - -269))?
-44
What is -16 + (-4 - (1 + -1)) + -308 + 278?
-50
Evaluate -29 - (1 + (11 - 5) - 16 - -13).
-33
Evaluate 74 + 118 + -214 + (4 - 73).
-91
What is the value of -22 + 21 + (-12 - -11) - (-42 + 3)?
37
11 - (8 - (-11 + 11 + 2 + 3))
8
Evaluate 32 + -56 + 69 + -27.
18
(-124 - 7) + (14 - (-3 - 3))
-111
(247 + -118 - 35) + 4
98
30 - (5 - 13) - -11 - (-13 + 32)
30
0 + -3 + 9 - (-9 + (-19 - -46))
-12
26 + (-6 - -3) + (-12 - -21 - 15)
17
-4 + (-54 - 27) + 40
-45
-163 + (12 - 14) + -12 + 48
-129
Evaluate -68 + -4 + (-9 - -39) + -6.
-48
-89 - (-9 + (-21 - (-9 - (-8 + 23))))
-83
Calculate 132 + -51 + 14 - (-8 + -10 + 0).
113
Evaluate -9 - (-13 + 10) - (4 - -1) - (-40 +